{"id":8208,"date":"2025-11-14T20:56:07","date_gmt":"2025-11-14T19:56:07","guid":{"rendered":"https:\/\/rhea-nellen-photography.ch\/?page_id=8208"},"modified":"2026-01-26T10:47:00","modified_gmt":"2026-01-26T09:47:00","slug":"wanderpfoten-unterwegs-mit-dir-deinem-hund","status":"publish","type":"page","link":"https:\/\/rhea-nellen-photography.ch\/?page_id=8208","title":{"rendered":"Wanderpfoten \u2013 Unterwegs mit dir &amp; deinem Hund"},"content":{"rendered":"\n<h4 class=\"wp-block-heading has-text-align-center has-text-color\" style=\"color:#cf9c88\">Wanderpfoten \u2013 Unterwegs mit dir &amp; deinem Hund<\/h4>\n\n\n\n<p class=\"has-text-align-center\">Bei <em>Wanderpfoten<\/em> begleite ich euch auf gemeinsamen Wanderungen durch die Natur, ganz nach euren W\u00fcnschen. Ihr k\u00f6nnt eine Wanderung aus meiner unten aufgef\u00fchrten Auswahl nehmen oder aber ihr gebt mir eure Wunsch Region in der Schweiz an. Gemeinsam finden wir die ideale Route f\u00fcr euer Wanderpfoten-Erlebnis.<\/p>\n\n\n\n<p class=\"has-text-align-center\">W\u00e4hrend wir unterwegs sind, entstehen nat\u00fcrliche, lebendige Fotos von eurem Hund alleine, aber auch von euch gemeinsam. So halten wir die besonderen Momente eurer Zeit draussen fest, mit viel Freude, Bewegung und echtem Zusammensein.<\/p>\n\n\n\n<p class=\"has-text-align-center\"><em>Wanderpfoten<\/em> ist perfekt f\u00fcr alle, die sch\u00f6ne Erinnerungen an die gemeinsamen Abenteuer mit ihrem Hund festhalten m\u00f6chten in entspannter Atmosph\u00e4re und mitten in der Natur.<br><br>Das Wanderpfoten-Angebot ist f\u00fcr 1-2 Personen und deren Hunde gedacht. Wenn ihr eine Freundesgruppe  it mind. 3 Personen und deren Hunden seit, ist eine f\u00fcr euch geplante <a href=\"https:\/\/rhea-nellen-photography.ch\/?page_id=5466\">Fotowanderung<\/a> das Richtige!<\/p>\n\n\n\n<h3 class=\"wp-block-heading\"><strong>Wanderrouten:<\/strong><\/h3>\n\n\n\n<p>Aktuell biete ich drei sch\u00f6ne Wanderrouten an: <strong>Seealpsee, F\u00e4lensee und Palpuognasee<\/strong>.<br>Alle wichtigen Informationen zu den Wanderungen sowie die Preise findet ihr unter den folgenden Links:<\/p>\n\n\n\n<div class=\"wp-block-columns is-layout-flex wp-container-core-columns-is-layout-9d6595d7 wp-block-columns-is-layout-flex\">\n<div class=\"wp-block-column is-vertically-aligned-top is-layout-flow wp-block-column-is-layout-flow\">\n<p class=\"has-text-align-center has-background\" style=\"background-color:#faebe63b\"><a href=\"https:\/\/rhea-nellen-photography.ch\/?page_id=8224\"><strong>Seealpsee<\/strong><\/a><\/p>\n\n\n\n<figure class=\"wp-block-image size-large\"><img loading=\"lazy\" decoding=\"async\" width=\"960\" height=\"1439\" src=\"http:\/\/rhea-nellen-photography.ch\/wp-content\/uploads\/2020\/09\/fotowanderung-seeapsee-besitzer-hund-sommer-33-960x1439.jpg\" alt=\"\" class=\"wp-image-8823\" srcset=\"https:\/\/rhea-nellen-photography.ch\/wp-content\/uploads\/2020\/09\/fotowanderung-seeapsee-besitzer-hund-sommer-33-960x1439.jpg 960w, https:\/\/rhea-nellen-photography.ch\/wp-content\/uploads\/2020\/09\/fotowanderung-seeapsee-besitzer-hund-sommer-33-595x892.jpg 595w, https:\/\/rhea-nellen-photography.ch\/wp-content\/uploads\/2020\/09\/fotowanderung-seeapsee-besitzer-hund-sommer-33-1025x1536.jpg 1025w, https:\/\/rhea-nellen-photography.ch\/wp-content\/uploads\/2020\/09\/fotowanderung-seeapsee-besitzer-hund-sommer-33-40x60.jpg 40w, https:\/\/rhea-nellen-photography.ch\/wp-content\/uploads\/2020\/09\/fotowanderung-seeapsee-besitzer-hund-sommer-33.jpg 1334w\" sizes=\"auto, (max-width: 960px) 100vw, 960px\" \/><\/figure>\n<\/div>\n\n\n\n<div class=\"wp-block-column is-vertically-aligned-top is-layout-flow wp-block-column-is-layout-flow\">\n<p class=\"has-text-align-center has-background\" style=\"background-color:#faebe694\"><strong><a href=\"https:\/\/rhea-nellen-photography.ch\/?page_id=8225\">F\u00e4lensee<\/a><\/strong><\/p>\n\n\n\n<figure class=\"wp-block-image size-large\"><img loading=\"lazy\" decoding=\"async\" width=\"960\" height=\"640\" src=\"http:\/\/rhea-nellen-photography.ch\/wp-content\/uploads\/2026\/01\/rhean-nellen-tierfotoshooting-appenzell-fotoshooting.faelensee-56-960x640.jpg\" alt=\"\" class=\"wp-image-9073\" srcset=\"https:\/\/rhea-nellen-photography.ch\/wp-content\/uploads\/2026\/01\/rhean-nellen-tierfotoshooting-appenzell-fotoshooting.faelensee-56-960x640.jpg 960w, https:\/\/rhea-nellen-photography.ch\/wp-content\/uploads\/2026\/01\/rhean-nellen-tierfotoshooting-appenzell-fotoshooting.faelensee-56-595x397.jpg 595w, https:\/\/rhea-nellen-photography.ch\/wp-content\/uploads\/2026\/01\/rhean-nellen-tierfotoshooting-appenzell-fotoshooting.faelensee-56-1536x1024.jpg 1536w, https:\/\/rhea-nellen-photography.ch\/wp-content\/uploads\/2026\/01\/rhean-nellen-tierfotoshooting-appenzell-fotoshooting.faelensee-56-90x60.jpg 90w, https:\/\/rhea-nellen-photography.ch\/wp-content\/uploads\/2026\/01\/rhean-nellen-tierfotoshooting-appenzell-fotoshooting.faelensee-56-420x280.jpg 420w, https:\/\/rhea-nellen-photography.ch\/wp-content\/uploads\/2026\/01\/rhean-nellen-tierfotoshooting-appenzell-fotoshooting.faelensee-56.jpg 2000w\" sizes=\"auto, (max-width: 960px) 100vw, 960px\" \/><\/figure>\n<\/div>\n\n\n\n<div class=\"wp-block-column is-vertically-aligned-top is-layout-flow wp-block-column-is-layout-flow\">\n<p class=\"has-text-align-center has-background\" style=\"background-color:#faebe63b\"><strong><a href=\"https:\/\/rhea-nellen-photography.ch\/?page_id=8222\">Palpuognasee<\/a><\/strong><\/p>\n\n\n\n<figure class=\"wp-block-image size-large\"><img loading=\"lazy\" decoding=\"async\" width=\"960\" height=\"1440\" src=\"http:\/\/rhea-nellen-photography.ch\/wp-content\/uploads\/2026\/01\/rhean-nellen-tierfotoshooting-wasser-foto-hund-66-960x1440.jpg\" alt=\"\" class=\"wp-image-9041\" srcset=\"https:\/\/rhea-nellen-photography.ch\/wp-content\/uploads\/2026\/01\/rhean-nellen-tierfotoshooting-wasser-foto-hund-66-960x1440.jpg 960w, https:\/\/rhea-nellen-photography.ch\/wp-content\/uploads\/2026\/01\/rhean-nellen-tierfotoshooting-wasser-foto-hund-66-595x893.jpg 595w, https:\/\/rhea-nellen-photography.ch\/wp-content\/uploads\/2026\/01\/rhean-nellen-tierfotoshooting-wasser-foto-hund-66-1024x1536.jpg 1024w, https:\/\/rhea-nellen-photography.ch\/wp-content\/uploads\/2026\/01\/rhean-nellen-tierfotoshooting-wasser-foto-hund-66-40x60.jpg 40w, https:\/\/rhea-nellen-photography.ch\/wp-content\/uploads\/2026\/01\/rhean-nellen-tierfotoshooting-wasser-foto-hund-66.jpg 1333w\" sizes=\"auto, (max-width: 960px) 100vw, 960px\" \/><\/figure>\n<\/div>\n<\/div>\n\n\n\n<p><strong>Bei den Wanderpfoten inbegriffen:<\/strong><\/p>\n\n\n\n<ul class=\"wp-block-list\">\n<li>Terminfindung und Beratung per Telefon, Email oder Whatsapp<\/li>\n\n\n\n<li>Ihr bekommt von jeder Location und Situation das beste Bild von mir professionell bearbeitet!<\/li>\n\n\n\n<li>Privates <a href=\"https:\/\/rhea-nellen-photography.ch\/?page_id=3989#Nutzungsrecht\">Nutzungsrecht <\/a>der Fotos<\/li>\n\n\n\n<li>Alle bearbeiteten Fotos in digitaler Form die ihr in einer Online Galerie herunterladen k\u00f6nnt.<\/li>\n<\/ul>\n\n\n\n<p><strong><strong>Bei den Wanderpfoten<\/strong> nicht inbegriffen:<\/strong><\/p>\n\n\n\n<ul class=\"wp-block-list\">\n<li>Unterkunft, Bergbahnticket und Parkgeb\u00fchren sind nicht inbegriffen<\/li>\n<\/ul>\n\n\n\n<p><strong>Weitere Hinweise:<\/strong><\/p>\n\n\n\n<ul class=\"wp-block-list\">\n<li>Die Wanderpfoten finden nur bei trockenem Wetter statt! Ich kann keine Garantie geben f\u00fcr eine sch\u00f6ne Aussicht oder einen sch\u00f6nen Sonnenauf- oder Sonnenuntergang.<\/li>\n\n\n\n<li><em>Bei einer Anmeldung stimmst du meinen <a href=\"https:\/\/rhea-nellen-photography.ch\/?page_id=6196\">AGBs<\/a> zu.<\/em><\/li>\n\n\n\n<li>Bitte beachtet, dass ich nur fertig bearbeitete Bilder abgebe und auch keine RAW oder unbearbeitete Bilder verschicke!<\/li>\n<\/ul>\n\n\n\n<div style=\"height:52px\" aria-hidden=\"true\" class=\"wp-block-spacer\"><\/div>\n\n\n\n<p>Ihr habt fragen oder m\u00f6chtet wissen, ob ich in eure Wunschregion komme? Dann <a href=\"https:\/\/rhea-nellen-photography.ch\/?page_id=26\">kontaktiert<\/a> mich einfach per Mail oder Whatsapp!<\/p>\n\n\n\n<div class=\"wp-block-buttons is-content-justification-center is-layout-flex wp-container-core-buttons-is-layout-16018d1d wp-block-buttons-is-layout-flex\">\n<div class=\"wp-block-button is-style-outline is-style-outline--1\"><a class=\"wp-block-button__link has-black-color has-text-color has-background wp-element-button\" href=\"http:\/\/rhea-nellen-photography.ch\/?page_id=26\" style=\"background-color:#faebe6\"><strong>Jetzt buchen<\/strong>!<\/a><\/div>\n<\/div>\n","protected":false},"excerpt":{"rendered":"<p>Wanderpfoten \u2013 Unterwegs mit dir &amp; deinem Hund Bei Wanderpfoten begleite ich euch auf gemeinsamen Wanderungen durch die Natur, ganz nach euren W\u00fcnschen. Ihr k\u00f6nnt &hellip; <\/p>\n","protected":false},"author":1,"featured_media":0,"parent":5757,"menu_order":0,"comment_status":"closed","ping_status":"closed","template":"","meta":{"footnotes":""},"class_list":["post-8208","page","type-page","status-publish","hentry","latest_post"],"yoast_head":"<!-- This site is optimized with the Yoast SEO plugin v26.8 - https:\/\/yoast.com\/product\/yoast-seo-wordpress\/ -->\n<title>Wanderpfoten \u2013 Unterwegs mit dir &amp; deinem Hund -<\/title>\n<meta name=\"robots\" content=\"index, follow, max-snippet:-1, max-image-preview:large, max-video-preview:-1\" \/>\n<link rel=\"canonical\" href=\"https:\/\/rhea-nellen-photography.ch\/?page_id=8208\" \/>\n<meta property=\"og:locale\" content=\"de_DE\" \/>\n<meta property=\"og:type\" content=\"article\" \/>\n<meta property=\"og:title\" content=\"Wanderpfoten \u2013 Unterwegs mit dir &amp; deinem Hund -\" \/>\n<meta property=\"og:description\" content=\"Wanderpfoten \u2013 Unterwegs mit dir &amp; deinem Hund Bei Wanderpfoten begleite ich euch auf gemeinsamen Wanderungen durch die Natur, ganz nach euren W\u00fcnschen. Ihr k\u00f6nnt &hellip;\" \/>\n<meta property=\"og:url\" content=\"https:\/\/rhea-nellen-photography.ch\/?page_id=8208\" \/>\n<meta property=\"article:publisher\" content=\"https:\/\/www.facebook.com\/rhea.nellen\/\" \/>\n<meta property=\"article:modified_time\" content=\"2026-01-26T09:47:00+00:00\" \/>\n<meta property=\"og:image\" content=\"https:\/\/rhea-nellen-photography.ch\/wp-content\/uploads\/2020\/09\/fotowanderung-seeapsee-besitzer-hund-sommer-33-960x1439.jpg\" \/>\n\t<meta property=\"og:image:width\" content=\"960\" \/>\n\t<meta property=\"og:image:height\" content=\"1439\" \/>\n\t<meta property=\"og:image:type\" content=\"image\/jpeg\" \/>\n<meta name=\"twitter:card\" content=\"summary_large_image\" \/>\n<meta name=\"twitter:label1\" content=\"Gesch\u00e4tzte Lesezeit\" \/>\n\t<meta name=\"twitter:data1\" content=\"3\u00a0Minuten\" \/>\n<script type=\"application\/ld+json\" class=\"yoast-schema-graph\">{\"@context\":\"https:\/\/schema.org\",\"@graph\":[{\"@type\":\"WebPage\",\"@id\":\"https:\/\/rhea-nellen-photography.ch\/?page_id=8208\",\"url\":\"https:\/\/rhea-nellen-photography.ch\/?page_id=8208\",\"name\":\"Wanderpfoten \u2013 Unterwegs mit dir &amp; deinem Hund -\",\"isPartOf\":{\"@id\":\"https:\/\/rhea-nellen-photography.ch\/#website\"},\"primaryImageOfPage\":{\"@id\":\"https:\/\/rhea-nellen-photography.ch\/?page_id=8208#primaryimage\"},\"image\":{\"@id\":\"https:\/\/rhea-nellen-photography.ch\/?page_id=8208#primaryimage\"},\"thumbnailUrl\":\"http:\/\/rhea-nellen-photography.ch\/wp-content\/uploads\/2020\/09\/fotowanderung-seeapsee-besitzer-hund-sommer-33-960x1439.jpg\",\"datePublished\":\"2025-11-14T19:56:07+00:00\",\"dateModified\":\"2026-01-26T09:47:00+00:00\",\"breadcrumb\":{\"@id\":\"https:\/\/rhea-nellen-photography.ch\/?page_id=8208#breadcrumb\"},\"inLanguage\":\"de\",\"potentialAction\":[{\"@type\":\"ReadAction\",\"target\":[\"https:\/\/rhea-nellen-photography.ch\/?page_id=8208\"]}]},{\"@type\":\"ImageObject\",\"inLanguage\":\"de\",\"@id\":\"https:\/\/rhea-nellen-photography.ch\/?page_id=8208#primaryimage\",\"url\":\"https:\/\/rhea-nellen-photography.ch\/wp-content\/uploads\/2020\/09\/fotowanderung-seeapsee-besitzer-hund-sommer-33.jpg\",\"contentUrl\":\"https:\/\/rhea-nellen-photography.ch\/wp-content\/uploads\/2020\/09\/fotowanderung-seeapsee-besitzer-hund-sommer-33.jpg\",\"width\":1334,\"height\":2000},{\"@type\":\"BreadcrumbList\",\"@id\":\"https:\/\/rhea-nellen-photography.ch\/?page_id=8208#breadcrumb\",\"itemListElement\":[{\"@type\":\"ListItem\",\"position\":1,\"name\":\"Startseite\",\"item\":\"https:\/\/rhea-nellen-photography.ch\/\"},{\"@type\":\"ListItem\",\"position\":2,\"name\":\"Mein Angebot\",\"item\":\"https:\/\/rhea-nellen-photography.ch\/?page_id=5757\"},{\"@type\":\"ListItem\",\"position\":3,\"name\":\"Wanderpfoten \u2013 Unterwegs mit dir &amp; deinem Hund\"}]},{\"@type\":\"WebSite\",\"@id\":\"https:\/\/rhea-nellen-photography.ch\/#website\",\"url\":\"https:\/\/rhea-nellen-photography.ch\/\",\"name\":\"\",\"description\":\"Hundefotografie und Pferdefotografie in der Schweiz\",\"publisher\":{\"@id\":\"https:\/\/rhea-nellen-photography.ch\/#\/schema\/person\/2d6ba87bba45ccebcb1bd8237751806d\"},\"potentialAction\":[{\"@type\":\"SearchAction\",\"target\":{\"@type\":\"EntryPoint\",\"urlTemplate\":\"https:\/\/rhea-nellen-photography.ch\/?s={search_term_string}\"},\"query-input\":{\"@type\":\"PropertyValueSpecification\",\"valueRequired\":true,\"valueName\":\"search_term_string\"}}],\"inLanguage\":\"de\"},{\"@type\":[\"Person\",\"Organization\"],\"@id\":\"https:\/\/rhea-nellen-photography.ch\/#\/schema\/person\/2d6ba87bba45ccebcb1bd8237751806d\",\"name\":\"Rhea\",\"image\":{\"@type\":\"ImageObject\",\"inLanguage\":\"de\",\"@id\":\"https:\/\/rhea-nellen-photography.ch\/#\/schema\/person\/image\/\",\"url\":\"https:\/\/rhea-nellen-photography.ch\/wp-content\/uploads\/2025\/01\/cropped-Tierfotografie-Logo-schwarz.png\",\"contentUrl\":\"https:\/\/rhea-nellen-photography.ch\/wp-content\/uploads\/2025\/01\/cropped-Tierfotografie-Logo-schwarz.png\",\"width\":1618,\"height\":775,\"caption\":\"Rhea\"},\"logo\":{\"@id\":\"https:\/\/rhea-nellen-photography.ch\/#\/schema\/person\/image\/\"},\"sameAs\":[\"https:\/\/www.facebook.com\/rhea.nellen\/\",\"https:\/\/www.instagram.com\/rhea_nellen_dog_photography\/\"]}]}<\/script>\n<!-- \/ Yoast SEO plugin. -->","yoast_head_json":{"title":"Wanderpfoten \u2013 Unterwegs mit dir &amp; deinem Hund -","robots":{"index":"index","follow":"follow","max-snippet":"max-snippet:-1","max-image-preview":"max-image-preview:large","max-video-preview":"max-video-preview:-1"},"canonical":"https:\/\/rhea-nellen-photography.ch\/?page_id=8208","og_locale":"de_DE","og_type":"article","og_title":"Wanderpfoten \u2013 Unterwegs mit dir &amp; deinem Hund -","og_description":"Wanderpfoten \u2013 Unterwegs mit dir &amp; deinem Hund Bei Wanderpfoten begleite ich euch auf gemeinsamen Wanderungen durch die Natur, ganz nach euren W\u00fcnschen. Ihr k\u00f6nnt &hellip;","og_url":"https:\/\/rhea-nellen-photography.ch\/?page_id=8208","article_publisher":"https:\/\/www.facebook.com\/rhea.nellen\/","article_modified_time":"2026-01-26T09:47:00+00:00","og_image":[{"width":960,"height":1439,"url":"https:\/\/rhea-nellen-photography.ch\/wp-content\/uploads\/2020\/09\/fotowanderung-seeapsee-besitzer-hund-sommer-33-960x1439.jpg","type":"image\/jpeg"}],"twitter_card":"summary_large_image","twitter_misc":{"Gesch\u00e4tzte Lesezeit":"3\u00a0Minuten"},"schema":{"@context":"https:\/\/schema.org","@graph":[{"@type":"WebPage","@id":"https:\/\/rhea-nellen-photography.ch\/?page_id=8208","url":"https:\/\/rhea-nellen-photography.ch\/?page_id=8208","name":"Wanderpfoten \u2013 Unterwegs mit dir &amp; deinem Hund -","isPartOf":{"@id":"https:\/\/rhea-nellen-photography.ch\/#website"},"primaryImageOfPage":{"@id":"https:\/\/rhea-nellen-photography.ch\/?page_id=8208#primaryimage"},"image":{"@id":"https:\/\/rhea-nellen-photography.ch\/?page_id=8208#primaryimage"},"thumbnailUrl":"http:\/\/rhea-nellen-photography.ch\/wp-content\/uploads\/2020\/09\/fotowanderung-seeapsee-besitzer-hund-sommer-33-960x1439.jpg","datePublished":"2025-11-14T19:56:07+00:00","dateModified":"2026-01-26T09:47:00+00:00","breadcrumb":{"@id":"https:\/\/rhea-nellen-photography.ch\/?page_id=8208#breadcrumb"},"inLanguage":"de","potentialAction":[{"@type":"ReadAction","target":["https:\/\/rhea-nellen-photography.ch\/?page_id=8208"]}]},{"@type":"ImageObject","inLanguage":"de","@id":"https:\/\/rhea-nellen-photography.ch\/?page_id=8208#primaryimage","url":"https:\/\/rhea-nellen-photography.ch\/wp-content\/uploads\/2020\/09\/fotowanderung-seeapsee-besitzer-hund-sommer-33.jpg","contentUrl":"https:\/\/rhea-nellen-photography.ch\/wp-content\/uploads\/2020\/09\/fotowanderung-seeapsee-besitzer-hund-sommer-33.jpg","width":1334,"height":2000},{"@type":"BreadcrumbList","@id":"https:\/\/rhea-nellen-photography.ch\/?page_id=8208#breadcrumb","itemListElement":[{"@type":"ListItem","position":1,"name":"Startseite","item":"https:\/\/rhea-nellen-photography.ch\/"},{"@type":"ListItem","position":2,"name":"Mein Angebot","item":"https:\/\/rhea-nellen-photography.ch\/?page_id=5757"},{"@type":"ListItem","position":3,"name":"Wanderpfoten \u2013 Unterwegs mit dir &amp; deinem Hund"}]},{"@type":"WebSite","@id":"https:\/\/rhea-nellen-photography.ch\/#website","url":"https:\/\/rhea-nellen-photography.ch\/","name":"","description":"Hundefotografie und Pferdefotografie in der Schweiz","publisher":{"@id":"https:\/\/rhea-nellen-photography.ch\/#\/schema\/person\/2d6ba87bba45ccebcb1bd8237751806d"},"potentialAction":[{"@type":"SearchAction","target":{"@type":"EntryPoint","urlTemplate":"https:\/\/rhea-nellen-photography.ch\/?s={search_term_string}"},"query-input":{"@type":"PropertyValueSpecification","valueRequired":true,"valueName":"search_term_string"}}],"inLanguage":"de"},{"@type":["Person","Organization"],"@id":"https:\/\/rhea-nellen-photography.ch\/#\/schema\/person\/2d6ba87bba45ccebcb1bd8237751806d","name":"Rhea","image":{"@type":"ImageObject","inLanguage":"de","@id":"https:\/\/rhea-nellen-photography.ch\/#\/schema\/person\/image\/","url":"https:\/\/rhea-nellen-photography.ch\/wp-content\/uploads\/2025\/01\/cropped-Tierfotografie-Logo-schwarz.png","contentUrl":"https:\/\/rhea-nellen-photography.ch\/wp-content\/uploads\/2025\/01\/cropped-Tierfotografie-Logo-schwarz.png","width":1618,"height":775,"caption":"Rhea"},"logo":{"@id":"https:\/\/rhea-nellen-photography.ch\/#\/schema\/person\/image\/"},"sameAs":["https:\/\/www.facebook.com\/rhea.nellen\/","https:\/\/www.instagram.com\/rhea_nellen_dog_photography\/"]}]}},"_links":{"self":[{"href":"https:\/\/rhea-nellen-photography.ch\/index.php?rest_route=\/wp\/v2\/pages\/8208","targetHints":{"allow":["GET"]}}],"collection":[{"href":"https:\/\/rhea-nellen-photography.ch\/index.php?rest_route=\/wp\/v2\/pages"}],"about":[{"href":"https:\/\/rhea-nellen-photography.ch\/index.php?rest_route=\/wp\/v2\/types\/page"}],"author":[{"embeddable":true,"href":"https:\/\/rhea-nellen-photography.ch\/index.php?rest_route=\/wp\/v2\/users\/1"}],"replies":[{"embeddable":true,"href":"https:\/\/rhea-nellen-photography.ch\/index.php?rest_route=%2Fwp%2Fv2%2Fcomments&post=8208"}],"version-history":[{"count":15,"href":"https:\/\/rhea-nellen-photography.ch\/index.php?rest_route=\/wp\/v2\/pages\/8208\/revisions"}],"predecessor-version":[{"id":9293,"href":"https:\/\/rhea-nellen-photography.ch\/index.php?rest_route=\/wp\/v2\/pages\/8208\/revisions\/9293"}],"up":[{"embeddable":true,"href":"https:\/\/rhea-nellen-photography.ch\/index.php?rest_route=\/wp\/v2\/pages\/5757"}],"wp:attachment":[{"href":"https:\/\/rhea-nellen-photography.ch\/index.php?rest_route=%2Fwp%2Fv2%2Fmedia&parent=8208"}],"curies":[{"name":"wp","href":"https:\/\/api.w.org\/{rel}","templated":true}]}}